{"id":7044,"date":"2018-08-07T10:19:43","date_gmt":"2018-08-07T07:19:43","guid":{"rendered":"http:\/\/alfatasarim.org\/guneshidrolik\/?page_id=7044"},"modified":"2021-02-27T09:07:51","modified_gmt":"2021-02-27T06:07:51","slug":"kurumsal","status":"publish","type":"page","link":"https:\/\/www.ocalhidrolik.com\/index.php\/kurumsal\/","title":{"rendered":"KURUMSAL"},"content":{"rendered":"<p>Firmam\u0131z; hidrolik ve pn\u00f6matik alan\u0131nda m\u00fchendislik \u00e7\u00f6z\u00fcmleri sunmak ve \u00fcr\u00fcn taleplerini kar\u015f\u0131lamak amac\u0131yla kurulmu\u015ftur.<\/p>\n<p>M\u00fc\u015fteri talepleri do\u011frultusunda; yeni sistem tasar\u0131m\u0131 ve projelendirmesi, mevcut sistemlerin revizyonu ve iyile\u015ftirilmesi konular\u0131nda hizmet vermektedir.<\/p>\n<p>Hidrolik ve pn\u00f6matik uygulamalarda kar\u015f\u0131la\u015f\u0131lan sorunlara, alan\u0131nda lider olan d\u00fcnya markalar\u0131yla etkin \u00e7\u00f6z\u00fcmler sunmaktad\u0131r.<\/p>\n<h3>FAAL\u0130YETLER\u0130M\u0130Z:<\/h3>\n<p><strong>PROJELEND\u0130RME:<\/strong><\/p>\n<p>Firmam\u0131z a\u011f\u0131rl\u0131kl\u0131 olarak Hidrolik, Pn\u00f6matik ve Merkezi Ya\u011flama Sistemleri konusunda uzmand\u0131r.<\/p>\n<p>Ger\u00e7ekle\u015ftirdi\u011fimiz projeler kapsam\u0131nda Anahtar teslim Hidrolik, Pn\u00f6matik ve Merkezi Ya\u011flama sistemi projeleri \u00fcretmekteyiz.<\/p>\n<p>Saha ke\u015ffi, uygun \u00fcr\u00fcn se\u00e7imleri, saha montaj\u0131, servis, bak\u0131m hizmetleri, ve e\u011fitim deste\u011fi veriyoruz.<\/p>\n<p>Ayr\u0131ca hidrolik tesisat montaj\u0131, tank temizli\u011fi, hidrolik ya\u011f filtrasyonu ve flushing hizmetlerimizde mevcuttur.<\/p>\n<p><strong>YEDEK PAR\u00c7A TEDAR\u0130K H\u0130ZMETLER\u0130:<\/strong><\/p>\n<p>Bir \u00e7ok Hidrolik-Pn\u00f6matik-Elektronik ve Mekanik ekipman fabrikalar\u0131, tedarik\u00e7ileri ve distrib\u00fct\u00f6rleri ile iyi ili\u015fkiler i\u00e7erisindeyiz.<\/p>\n<p>Malzemelerin tamam\u0131n\u0131n g\u00fcmr\u00fckleme ve sevk prosed\u00fcrleri taraf\u0131m\u0131za aittir DDP olarak malzemeleri kap\u0131n\u0131za teslim ediyoruz.<\/p>\n<p>D\u00fczenli sevklerimizden ve kurumsal yap\u0131m\u0131zdan \u00f6t\u00fcr\u00fc hem zamandan hem de sevk masraflar\u0131ndan tasarruf etme avantaj\u0131n\u0131 siz de\u011ferli m\u00fc\u015fterilerimize sunuyoruz.<\/p>\n<p><strong>SERV\u0130S VE BAKIM ONARIM\/REV\u0130ZYON H\u0130ZMETLER\u0130:<\/strong><\/p>\n<p>Servis hizmetlerimiz kapsam\u0131nda ar\u0131zal\u0131 pompa, hidrolik silindir ve valfleriniz i\u00e7in at\u00f6lye ortam\u0131nda hasar tespit analizi \u00e7al\u0131\u015fmalar\u0131 yap\u0131yoruz.<\/p>\n<p>Orjinal \u00fcretici d\u00f6k\u00fcmanlar\u0131 ile ar\u0131zal\u0131 pompa ve valflerinizi demonte ederek hasarl\u0131 aksamlar\u0131 tespit ediyoruz.<\/p>\n","protected":false},"excerpt":{"rendered":"<p>Firmam\u0131z; hidrolik ve pn\u00f6matik alan\u0131nda m\u00fchendislik \u00e7\u00f6z\u00fcmleri sunmak ve \u00fcr\u00fcn taleplerini kar\u015f\u0131lamak amac\u0131yla kurulmu\u015ftur. M\u00fc\u015fteri talepleri do\u011frultusunda; yeni sistem tasar\u0131m\u0131 ve projelendirmesi, mevcut sistemlerin revizyonu ve iyile\u015ftirilmesi konular\u0131nda hizmet vermektedir. Hidrolik ve pn\u00f6matik uygulamalarda kar\u015f\u0131la\u015f\u0131lan sorunlara, alan\u0131nda lider olan d\u00fcnya markalar\u0131yla etkin \u00e7\u00f6z\u00fcmler sunmaktad\u0131r. FAAL\u0130YETLER\u0130M\u0130Z: PROJELEND\u0130RME: Firmam\u0131z a\u011f\u0131rl\u0131kl\u0131 olarak Hidrolik, Pn\u00f6matik ve Merkezi Ya\u011flama Sistemleri [&hellip;]<\/p>\n","protected":false},"author":2,"featured_media":0,"parent":0,"menu_order":0,"comment_status":"closed","ping_status":"closed","template":"","meta":[],"_links":{"self":[{"href":"https:\/\/www.ocalhidrolik.com\/index.php\/wp-json\/wp\/v2\/pages\/7044"}],"collection":[{"href":"https:\/\/www.ocalhidrolik.com\/index.php\/wp-json\/wp\/v2\/pages"}],"about":[{"href":"https:\/\/www.ocalhidrolik.com\/index.php\/wp-json\/wp\/v2\/types\/page"}],"author":[{"embeddable":true,"href":"https:\/\/www.ocalhidrolik.com\/index.php\/wp-json\/wp\/v2\/users\/2"}],"replies":[{"embeddable":true,"href":"https:\/\/www.ocalhidrolik.com\/index.php\/wp-json\/wp\/v2\/comments?post=7044"}],"version-history":[{"count":3,"href":"https:\/\/www.ocalhidrolik.com\/index.php\/wp-json\/wp\/v2\/pages\/7044\/revisions"}],"predecessor-version":[{"id":7474,"href":"https:\/\/www.ocalhidrolik.com\/index.php\/wp-json\/wp\/v2\/pages\/7044\/revisions\/7474"}],"wp:attachment":[{"href":"https:\/\/www.ocalhidrolik.com\/index.php\/wp-json\/wp\/v2\/media?parent=7044"}],"curies":[{"name":"wp","href":"https:\/\/api.w.org\/{rel}","templated":true}]}}